.
-3
Let b(h) = -5*h**3 - 2*h**2 - 4*h - 2. Determine b(-1).
5
Let l(d) = 11*d + 37. Calculate l(-3).
4
Let t(o) = -o**2 + 7*o + 87. Determine t(14).
-11
Let u(v) = -v**3 + 8*v**2 + 19*v - 13. Determine u(10).
-23
Let m(f) = -f**2 + 3*f - 3. Give m(2).
-1
Let k(c) = -c - 15. Determine k(-11).
-4
Let t(f) = -f**3 + f + 5. Give t(0).
5
Let v(c) = -c**2 + 39*c - 202. Give v(33).
-4
Let n(j) = -j**2 - 22*j - 2. Determine n(-21).
19
Let b(j) = j**3 - 19*j**2 + 88*j + 13. Calculate b(9).
-5
Let r(b) = 3*b - 4. Determine r(-4).
-16
Let x(n) = -6*n + 31. Give x(4).
7
Let c(m) = -2*m**2 + m + 11. Give c(-4).
-25
Let l(c) = -6*c - 47. Calculate l(-4).
-23
Let x(w) = w**2 - 5*w + 5. Give x(4).
1
Let l(m) = -m**3 - 13*m**2 - 21*m + 10. Calculate l(-11).
-1
Let y(g) = -9*g - 18. Calculate y(-1).
-9
Let f(c) = -4*c**2 + 5*c - 20. Calculate f(4).
-64
Let r(z) = z**3 + 9*z**2 + 2*z + 17. Determine r(-9).
-1
Let z(k) = k**3 - 6*k + 10. Give z(2).
6
Let b(k) = 10*k + 8. What is b(3)?
38
Let q(m) = -m**3 - 7*m**2 + 3*m - 25. Calculate q(-5).
-90
Let a(b) = b**3 - 11*b**2 - 13*b - 6. What is a(12)?
-18
Let g(l) = l**2 - 6*l + 22. Give g(3).
13
Let x(a) = a**2 - 36*a + 284. Give x(24).
-4
Let w(k) = -k**3 - 13*k**2 - 24*k - 28. Calculate w(-11).
-6
Let i(c) = -c**3 + 9*c**2 - 26*c + 242. What is i(9)?
8
Let u(r) = 2*r**2 + 8*r + 13. Determine u(-4).
13
Let x(g) = g**3 - 14*g**2 - 4*g - 36. Calculate x(15).
129
Let l(h) = -h**3 - 7*h**2 + 5*h - 7. Calculate l(-8).
17
Let z(m) = 5*m - 9. What is z(-7)?
-44
Let w(a) = a**2 - 39*a - 193. What is w(43)?
-21
Let r(n) = 5*n - 16. Calculate r(4).
4
Let a(m) = -m**3 - 8*m**2 + 3*m + 9. Give a(-9).
63
Let z(n) = n - 9. Determine z(7).
-2
Let t(f) = f**2 - 9*f + 9. What is t(10)?
19
Let h(t) = -t**2 - 13*t - 17. Determine h(-9).
19
Let g(j) = -j**3 + 49*j**2 - 38*j - 476. Calculate g(48).
4
Let f(z) = z**3 + 8*z**2 - 6*z + 24. What is f(-7)?
115
Let h(l) = -30*l + 451. Determine h(15).
1
Let m(p) = -2*p**2 + 10*p - 2. What is m(4)?
6
Let q(d) = -2*d**3 + 7*d**2 - 6*d + 4. Determine q(4).
-36
Let k(z) = 8*z + 22. Determine k(-4).
-10
Let s(p) = -p - 34. Give s(-32).
-2
Let k(y) = y - 1. Calculate k(8).
7
Let c(g) = -6*g + 21. Give c(11).
-45
Let t(u) = -u**3 - 18*u**2 - 76*u. Calculate t(-7).
-7
Let o(k) = 2*k**2 - 2*k - 53. Calculate o(-7).
59
Let i(u) = -9*u - 44. Give i(-5).
1
Let f(c) = 142*c + 710. Determine f(-5).
0
Let a(h) = -22*h + 1423. What is a(65)?
-7
Let q(o) = o**3 - 10*o**2 + 26*o - 75. What is q(8)?
5
Let x(d) = d**3 + 13*d**2 + 9*d - 44. Give x(-12).
-8
Let k(z) = -7*z. Give k(-1).
7
Let y(x) = x**2 - 17*x + 61. Give y(12).
1
Let p(v) = -2*v - 6. What is p(0)?
-6
Let i(o) = 16*o - 2. What is i(0)?
-2
Let v(z) = -z**3 - 9*z**2 - 19*z - 33. Determine v(-6).
-27
Let s(b) = b**2 - 4*b + 1. What is s(9)?
46
Let u(n) = 13*n - 13. Determine u(9).
104
Let t(b) = 4*b**2 + 6*b + 6. Give t(-4).
46
Let q(k) = -69*k**2 - 2*k - 2. Calculate q(-1).
-69
Let t(d) = d**3 + 10*d**2 + 2*d + 10. Calculate t(-10).
-10
Let d(f) = f**2 + 11*f - 11. What is d(-8)?
-35
Let g(i) = i**3 + 11*i**2 - i - 12. Determine g(-11).
-1
Let p(r) = r**3 - 12*r**2 + 20*r + 3. Give p(10).
3
Let a(d) = d**2 - 3*d + 2. Determine a(6).
20
Let w(m) = m**2 - 5*m + 20. Calculate w(5).
20
Let m(u) = -42*u + 291. Calculate m(7).
-3
Let s(n) = n**3 - 3*n**2 + 3*n + 6. Calculate s(3).
15
Let i(d) = 2*d**2 - 122*d - 252. What is i(63)?
0
Let l(c) = c**2 - 5*c - 1. Give l(6).
5
Let d(p) = p**3 + 6*p**2 - 14*p - 13. What is d(-8)?
-29
Let u(l) = 3*l**3 - 74*l**2 - 27*l + 55. Determine u(25).
5
Let k(g) = -3*g - 16. What is k(-9)?
11
Let q(g) = -g**2 + 31. What is q(0)?
31
Let n(h) = h**2 - 11*h + 16. Calculate n(9).
-2
Let m(l) = l. What is m(-5)?
-5
Let a(z) = -z**2 - 4*z + 8. Determine a(3).
-13
Let d(j) = -4*j**2 + 192*j - 5. Calculate d(48).
-5
Let w(l) = 4*l**3 + l**2 - 3*l + 5. What is w(0)?
5
Let d(q) = -4*q**3 + 2*q**2 - 2. What is d(-2)?
38
Let v(u) = -u**3 + u**2 - 2*u - 4. Give v(0).
-4
Let x(s) = 31*s + 104. What is x(-3)?
11
Let p(o) = -8*o - 7. Determine p(-5).
33
Let n(k) = 6*k**2 + 5*k + 4. Calculate n(-3).
43
Let j(t) = -17*t - 815. Calculate j(-48).
1
Let t(d) = -d + 3. Determine t(-3).
6
Let a(x) = -x**2 + 3*x. What is a(-7)?
-70
Let h(p) = -124*p + 987. Give h(8).
-5
Let c(h) = 5*h + 4. Calculate c(5).
29
Let u(p) = -p**3 + 8*p**2 + 8*p - 8. Determine u(9).
-17
Let x(w) = 3*w**2 + 22*w + 44. Determine x(-5).
9
Let j(m) = -m**3 + 5*m**2 - 23*m - 9. Calculate j(4).
-85
Let h(y) = 3*y + 15. Give h(0).
15
Let i(y) = -y**3 + 7*y**2 - 11*y - 2. Determine i(4).
2
Let v(f) = -2*f**2 + 139*f + 68. Determine v(70).
-2
Let i(d) = 3*d + 4. What is i(-8)?
-20
Let m(s) = s**2 + 11*s + 8. Give m(-10).
-2
Let a(j) = j**2 + 9*j - 14. Determine a(-11).
8
Let x(u) = -u - 8. What is x(-8)?
0
Let a(p) = 3*p**3 - 120*p**2 - 124*p + 47. Determine a(41).
6
Let p(h) = -79*h**2 - 2*h + 2. What is p(1)?
-79
Let r(w) = -w**3 - 6*w**2 - 11*w - 10. Calculate r(-4).
2
Let r(f) = -2*f**3 + 2*f**2 - f - 3. What is r(2)?
-13
Let x(p) = 7*p + 22. What is x(-2)?
8
Let c(q) = q**2 - 8*q + 3. Determine c(7).
-4
Let x(i) = i**3 + 3*i**2 + 3*i + 5. What is x(-2)?
3
Let t(n) = n - 2. What is t(2)?
0
Let p(x) = -9*x**2 - 2*x + 13. Give p(-4).
-123
Let x(d) = -23*d**2 + d - 1. Give x(1).
-23
Let d(p) = p - 29. Give d(12).
-17
Let u(k) = k**2 - 9*k + 4. Determine u(9).
4
Let o(l) = l**2 + l - 5. Determine o(2).
1
Let t(a) = -a - 4. Give t(12).
-16
Let w(l) = -2*l. Give w(1).
-2
Let j(k) = 2*k**2 - 16*k + 3. Determine j(8).
3
Let k(o) = -5*o**2 - 122*o - 36. Give k(-24).
12
Let d(q) = q**3 - 9*q**2 + q - 64. What is d(10)?
46
Let l(n) = n**2 - n - 6. Calculate l(-6).
36
Let t(d) = -d**2 + 15*d + 29. Calculate t(17).
-5
Let z(p) = -2*p + 1. What is z(1)?
-1
Let u(c) = 3*c**2 - 31*c - 15. What is u(11)?
7
Let c(w) = w**2 + 11*w - 4. What is c(-5)?
-34
Let g(i) = i**3 - 2*i**2 - 3*i + 10. Determine g(2).
4
Let g(i) = -i**3 + 14*i**2 - 36*i + 22. Give g(11).
-11
Let o(a) = -5*a**2 + 46*a - 7. Determine o(9).
2
Let i(c) = -c**2 - 7*c + 4. What is i(-5)?
14
Let i(l) = -19*l**2 + 25*l - 4. Determine i(2).
-30
Let o(l) = l**2 - 4*l - 6. What is o(4)?
-6
Let q(v) = 30*v**3 + v**2 - v + 1. Calculate q(1).
31
Let x(r) = -r + 11. Give x(5).
6
Let s(u) = 4*u - 25. What is s(13)?
27
Let q(w) = -w**3 + 9*w**2 - 8*w + 12. Give q(8).
12
Let a(q) = 4*q**3 + 3*q**2 + 3*q + 1. Calculate a(-1).
-3
Let n(x) = 19*x - 11. Calculate n(1).
8
Let r(t) = -t**2 + t - 1. Give r(-10).
-111
Let v(o) = -7*o - 8. What is v(-7)?
41
Let k(i) = 5*i**2 + 13*i - 12. Give k(1).
6
Let b(w) = w**3 + 12*w**2 + 8*w - 24. Give b(-11).
9
Let d(t) = -6*t + 43. Give d(7).
1
Let o(l) = -3*l - 40. Determine o(-12).
-4
Let l(y) = y - 18. Calculate l(6).
-12
Let r(w) = -15*w**2 - 2*w + 5. Give r(3).
-136
Let w(b) = b**2 + 3*b - 4. Determine w(-7).
24
Let s(a) = -a**2 + 6*a + 37. Calculate s(-9).
-98
Let h(c) = c**2 - 9*c + 14. Calculate h(7).
0
Let t(w) = 2*w**2 - 36*w + 153. Give t(9).
-9
Let p(j) = 6*j - 91. Give p(0).
-91
Let v(n) = n - 2. Calculate v(-3).
-5
Let j(s) = s**2 - 12*s + 9. Calculate j(12).
9
Let i(k) = 8*k**3 + k - 2. Determine i(1).
7
Let m(n) = 2*n + 16. Give m(-10).
-4
Let x(v) = -2*v**3 - 48*v**2 + 27. Calculate x(-24).
27
Let k(l) = l**3 - 4*l**2 - 2*l + 3. Calculate k(3).
-12
Let w(c) = c**3 + 13*c**2 + 10*c - 17. Calculate w(-12).
7
Let s(u) = u + 2. What is s(4)?
6
Let v(p) = -p**3 + 6*p**2 - 16*p - 3. Calculate v(3).
-24
Let r(g) = 2*g**2 + g - 3. Calculate r(-3).
12
Let h(b) = -b**3 - 7*b**2 - 10*b - 26. Give h(-6).
-2
Let v(a) = -a**2 + 42*a + 67. What is v(43)?
24
Let k(o) = -o**2 + 12*o + 21. What is k(13)?
8
Let n(i) = i**3 + 8*i**2 - 9*i - 5. Calculate n(-9).
-5
Let o(d) = d**3 - 5*d**2 + 2*d + 13. Determine o(3).
1
Let t(i) = 38*i**2 - 7*i + 10. What is t(2)?
148
Let h(x) = -x**2 + 20*x - 20. Determine h(16).
44
Let s(c) = 4*c + 29. Give s(-7).
1
Let s(g) = -2*g**2 - 5*g - 10. What is s(-2)?
-8
Let i(a) = a**3 + 21*a**2 - a + 11. Determine i(-21).
32
Let d(j) = 2*j**3 - j**2 - 2*j + 18. Give d(0).
18
Let o(d) = -7*d**3 - d**2 + 4*d - 3. Give o(2).
-55
Let f(k) = -k + 18. What is f(-15)?
33
Let i(x) = x**3 + 23*x**2 + x - 18. What is i(-23)?
-41
Let x(p) = p**2 + 13*p + 9. What is x(-8)?
-31
Let l(d)